ime factors of h.
2, 5, 7
Suppose 21*d - 5409 = 34491. Let f = d - 926. What are the prime factors of f?
2, 487
Let m = -73 + 69. Let a be 1 - 1/(m + (-33)/(-9)). What are the prime factors of -4 - -19*(7 - a)?
53
Let y = -123 - -250. Suppose 6*q + 345 + 51 = 0. Let j = q + y. What are the prime factors of j?
61
Suppose 0 = -5*l + 4*p + 8510, 2*p = 5*l - 10885 + 2375. Let s = -675 + l. What are the prime factors of s?
13, 79
List the prime factors of (-4737032)/(-88) + 40/440.
2, 5, 7, 769
Let k = 3 + -16. Let y = -2456 - -2414. Let q = k - y. What are the prime factors of q?
29
Let z = 603 + -599. Let l(y) = 21*y**3 - 9*y**2 + 28*y - 1. What are the prime factors of l(z)?
3, 19, 23
Suppose -6*o + 8*o + 464 = -4*v, -4*o + v = 946. Let c = o + 336. What are the prime factors of c?
2, 5
Let r(w) = 2*w**3 + 43*w**2 + 21*w + 20. Let t be r(-21). What are the prime factors of -4*((-7570)/t - -6)?
2, 5, 149
Let n = 3 + -1. Let s(w) = -10*w**2 - 17*w + 8. Let l(a) = -4*a**2 - 9*a + 4. Let p(i) = 11*l(i) - 6*s(i). What are the prime factors of p(n)?
2, 3, 11
Suppose -4*v + 30 = 18. Suppose 4*z = -y + 554, -v*y + 2*y + z = -574. What are the prime factors of y?
2, 3, 5, 19
Suppose -5*s - 7*r + 25 = -2*r, 0 = -5*r + 10. Suppose 0 = -z - 2*v + 365, -z + 377 = -v - s*v. What are the prime factors of z?
3, 41
Suppose -7355380 = -135*k - 1413220. List the prime factors of k.
2, 3, 7, 131
Let p = 80 - 83. List the prime factors of 75/p*-12 - 1.
13, 23
Suppose -32*i + 3933143 = 111*i - 1247175. What are the prime factors of i?
2, 59, 307
Let w(v) = 500*v + 153. List the prime factors of w(5).
7, 379
Let f be ((-33)/(-22))/(6/124). Suppose -1130 = -36*k + f*k. Suppose -221 = 3*r + 5*a - 931, a + k = r. List the prime factors of r.
2, 5, 23
Suppose 0 = 5*r - 10, -70*a - r = -69*a - 6836. What are the prime factors of a?
2, 3, 17, 67
Suppose -5*k = 4*m - 8*k - 78, -2*m = 2*k - 32. Let j(w) = w**3 - 18*w**2 + 26*w + 18. What are the prime factors of j(m)?
2, 3
What are the prime factors of (-47169)/(-36)*56/7?
2, 3, 1747
Let w(x) = -x**3 - 17*x**2 - 73*x - 25. Let g be w(-10). Suppose 1 = 2*f - f, -g*c + f = -4949. List the prime factors of c.
2, 3, 5, 11
Let i(z) = 4371*z + 43. What are the prime factors of i(1)?
2, 2207
Suppose -30*x + 263670 = -293580. What are the prime factors of x?
5, 743
Suppose -119*f + 1657908 = 48*f - 48*f. What are the prime factors of f?
2, 3, 43
Let l = 71 - 1. Suppose -4*u - 3*u = -l. Suppose 11*f = u*f + 46. List the prime factors of f.
2, 23
Suppose 2*l + 2*m - 2376 = 16440, 25 = 5*m. What are the prime factors of l?
9403
Suppose 5*p - 1845 = b, -2*p - 5*b - 1845 = -7*p. Suppose -2*z = -433 - p. List the prime factors of z.
401
Let h = -17625 - -26326. List the prime factors of h.
7, 11, 113
Suppose -19 = b - 74. Suppose 69*q - 36*q - 1023 = 0. Let m = b + q. What are the prime factors of m?
2, 43
Let p = 111275 + -79469. List the prime factors of p.
2, 3, 19, 31
Let k(m) = -m**3 + 17*m + 2. Let y be k(4). Suppose 2*g - 2*f = 2146, -3*g + 3*f - 3201 = -y*g. What are the prime factors of g?
2, 5, 107
Suppose -320*w + 564105 = -1650295. What are the prime factors of w?
2, 5, 173
Suppose -2*r = 5*u - 23306, -15*r = -12*r + 3*u - 34977. What are the prime factors of r?
107, 109
Let v(u) = 153*u**3 + 14*u**2 - 149*u + 921. What are the prime factors of v(6)?
3, 7, 13, 41
Suppose -2*x + v = -16, 4*x = 4*v - 0*v + 32. Let p = -12 + x. What are the prime factors of p/20 + (-401)/(-5)?
2, 5
What are the prime factors of 170/(-1020) + (7293748/(-24))/(-7)?
5, 19, 457
Suppose 4*a - 10*y = 164436, -4*y - 205528 = -51*a + 46*a. What are the prime factors of a?
2, 7, 367
Suppose -3*q - k - 370 + 4543 = 0, 2*q = 3*k + 2771. Suppose -1736 = -5*p - 2*x, -4*p + 8*p + 2*x = q. What are the prime factors of p?
2, 173
What are the prime factors of 136/408 - (-1 - (-17255)/(-3))?
11, 523
Let x(v) = v**3 + 62*v**2 - 47*v + 496. List the prime factors of x(-58).
2, 31, 269
Let p = 9069 - 5444. What are the prime factors of p?
5, 29
Let c(m) be the third derivative of m**6/120 - m**5/60 + m**4/24 + 17*m**3 + 11*m**2 + 1. Suppose s - 2*s = 0. What are the prime factors of c(s)?
2, 3, 17
Suppose 0 = -2*p, -86 = -2*y + 20*p - 21*p. Suppose 50*c - 2870 = y*c. List the prime factors of c.
2, 5, 41
Let f = 197 + -192. Let p = f + 120. What are the prime factors of p?
5
Let r be (-2 - -4 - 4) + 2. Let p(v) = v + 110. Let n(s) = -s - 1. Let d(z) = 2*n(z) + p(z). What are the prime factors of d(r)?
2, 3
Suppose -2*p + 73 - 8 = v, 53 = v - p. Suppose 59 = x - v. Let f = 36 + x. What are the prime factors of f?
2, 19
Let w = -470 + 1937. List the prime factors of w.
3, 163
Let i(y) = 11*y**3 + 2*y**2 + 2*y + 15. Let o(a) = a**3 - a - 1. Let p(b) = -i(b) + 2*o(b). What are the prime factors of p(-4)?
3, 181
Suppose -4 = 2*g - 8. Let h(o) = -g*o**2 + 1 + 4*o**3 - 5 + 1 + 1 + 4*o. List the prime factors of h(3).
2, 5
Let t(a) = -3*a + 0*a**2 - a**2 + a**2 + 9*a**2 - 6 - 28*a. List the prime factors of t(8).
2, 7, 23
Suppose 65 + 11 = 2*c. Let a(w) = w**2 - 32*w + 49. What are the prime factors of a(c)?
277
Let v(o) = -o**3 + 62*o**2 + 198*o - 159. List the prime factors of v(64).
29, 149
Suppose 44*d - 217 = 43*d - 3*w, 4*d = -4*w + 908. Suppose 0 = -d*o + 225*o + 3171. List the prime factors of o.
3, 151
Let t(o) = -14*o**2 + 10*o + 36. Let s be t(-7). Let y = -107 - s. What are the prime factors of y?
613
Let i = -50 + 56. Suppose i*z + 154 = 13*z. List the prime factors of z/(-33)*(238/(-4) + -2).
41
Let w(a) = a**3 - 8*a**2 - 20*a + 11. Let l be w(11). Let h be 57/(-5) + (-6)/(-15). Let s = h + l. What are the prime factors of s?
11, 13
Suppose 248968 = 41*b - 277431. List the prime factors of b.
37, 347
Suppose k - 3*h - 12393 = 0, 2*k + 50*h - 24766 = 51*h. What are the prime factors of k?
3, 4127
Let d(g) = -g**2 + 58*g - 54. Let c be d(57). List the prime factors of (17 - (-38814)/24) + c/4.
3, 5, 109
Suppose 5*u = 6627 + 9928. Let v be -1*(-1)/4 + u/(-44). List the prime factors of ((-135)/v)/(-6*1/(-20)).
2, 3
Suppose -5833 = 10*u - 1513. Let a be u/(-84)*14/3. What are the prime factors of (-1 - -30)/(a/168)?
7, 29
Let p(g) = -4*g**3 + 3*g**2 - 2*g - 1. Suppose 0 = -u - 53 + 55. Let d(h) = h**2 - h + 1. Let r(w) = u*d(w) - 2*p(w). List the prime factors of r(3).
2, 5, 19
Suppose -13*k - 4176640 = -133*k - 131*k. List the prime factors of k.
2, 5, 13
Suppose 18391 = 8*w - 5*w + 2*y, -y = 3*w - 18386. What are the prime factors of w?
11, 557
Suppose 2*a + 3*i + 0*i - 29 = 0, 3*a = i + 27. Let z = 149 - a. List the prime factors of z.
139
Let u = 70 - 94. Let p = 215 - u. What are the prime factors of p?
239
Let y(g) = -2396*g - 313. List the prime factors of y(-2).
3, 1493
Suppose 0 = 6*v + 30860 - 163634. What are the prime factors of v?
22129
Let f = 4530 - 4276. What are the prime factors of f?
2, 127
Suppose b - 2*b = -4*b + 9435. List the prime factors of b.
5, 17, 37
Suppose 0 = -4*a - 15*s + 14*s + 216108, 0 = 4*a + 3*s - 216108. What are the prime factors of a?
3, 23, 29
Suppose -l + 53568 = 3*l + m, -4*l + 53560 = -m. List the prime factors of l.
7, 1913
Let m(q) = 124*q**2 - 25*q + 245. List the prime factors of m(11).
2, 7487
Let m be 3/((-6)/(-6))*-19. List the prime factors of (2 + 1)*(-9310)/m.
2, 5, 7
What are the prime factors of 6940/30*(-1 + 7)?
2, 347
Let b(h) = h**2 - h - 1. Let x be b(-2). Suppose -3*m + x = d - 2*m, d - 7 = m. Suppose 0 = -2*t + d + 150. What are the prime factors of t?
2, 3, 13
Suppose 0 = -x + 5*a - 5 - 21, -5*x - 5*a = -20. Let i be (-192 + (-4 - -4))/x. Let j = 282 - i. What are the prime factors of j?
2, 3, 5
Let z(p) = -2*p + 12. Let v be z(4). Suppose -v*m = 667 + 65. Let x = -74 - m. What are the prime factors of x?
109
Let o(l) = 4*l**3 - 25*l**2 - l + 6. Let h be o(8). Suppose -18*j - h = -5828. List the prime factors of j.
13, 23
Let k = -141 + 135. What are the prime factors of (1 + k)*(6 - 23)?
5, 17
Let y be 5 + 30/(-6) + (2 - -2). Suppose -2*o + 5*o = -5*z + 3044, 5*o - 5056 = -y*z. List the prime factors of o.
2, 3, 7
List the prime factors of ((-51052)/(-6)*-9)/(2/(-1)).
3, 12763
Let t(d) be the third derivative of -3*d**4/4 + 43*d**3/3 - 2*d**2 + 30*d. List the prime factors of t(-11).
2, 71
Let f(s